- 3*s(n). Let k be f(-6). Calculate the greatest common factor of k and b.
9
Let u be 2/8 + 78/8. Suppose -f - 3 = -o - 2, -5*f - 5*o + 25 = 0. Calculate the greatest common divisor of u and f.
2
Let x = 8 + -4. Suppose -2*t + 3*d + 11 = -0*d, 4*d = 3*t - 16. Let s be -4*(-2 - (-7)/t). What is the highest common divisor of x and s?
1
Let w be 40/6*108/10. Let x(y) = y**2 + 3. Let u be x(0). Let f = u + 5. What is the highest common factor of f and w?
8
Let l = 43 - -77. What is the highest common divisor of l and 12?
12
Let d = -50 - -57. Suppose 0 = -4*q + 2*q + 6. Suppose 4 = q*l - 17. What is the greatest common divisor of l and d?
7
Suppose 7*t - 66 = -17. Calculate the greatest common divisor of t and 133.
7
Let o(l) = l**3 - 5*l**2 - 4*l. Let a = 1 - 5. Let g be o(a). Let k be g/(-9) - (-6)/(-27). What is the greatest common factor of 35 and k?
7
Let b be (-74)/(-10) + (-2)/5. Suppose -3*u + 4 = -u. Let v(i) = -i**2 + 4*i - 3. Let t be v(u). What is the greatest common divisor of b and t?
1
Let i = -24 - -52. Suppose -4*s + 8 = 3*q - 14, 5*q + 10 = 5*s. Calculate the highest common divisor of i and s.
4
Let k = 23 - 12. Let c be ((-198)/15 + 0)/((-6)/15). What is the greatest common factor of c and k?
11
Suppose -7*h + 50 = -5*h - 4*i, 0 = -2*h + 3*i + 51. What is the highest common divisor of 27 and h?
27
Let s be (-34)/(-6) + 14/(-21). Suppose -5*a + 45 = 5*d, s*d + 12 = -a + 65. Calculate the greatest common factor of 11 and d.
11
Let z be (-628)/(-6) - 2/3. Let f be 102/8 - 6/(-24). Calculate the highest common factor of z and f.
13
Let z = -35 - -139. Calculate the highest common divisor of 8 and z.
8
Suppose 4*l + 376 = 4*q, 77 + 110 = 2*q - l. What is the highest common divisor of q and 62?
31
Let b = 37 - 25. Suppose 0*k = 3*k - 12. Suppose -f + 4*f - 18 = -k*m, m = -2*f + 7. What is the greatest common divisor of b and m?
3
Suppose v - 2*v - g + 33 = 0, v + 2*g - 30 = 0. Let k(r) = -r - 4. Let j be k(-8). Calculate the greatest common divisor of v and j.
4
Let p = 2 - -4. Let t = -31 + 7. Let k = -15 - t. Calculate the greatest common divisor of p and k.
3
Let q = 4 + -6. Let l be q/8 + 93/(-12). Let m = -6 - l. Calculate the greatest common factor of m and 10.
2
Suppose b - 150 = -4*b. Let l = -12 + b. Suppose 0*f - 3*f = -l. What is the highest common divisor of 6 and f?
6
Let g = 182 - 156. Calculate the greatest common factor of g and 338.
26
Let q be 88/6 + (-1)/(-3). Let j be 5 - (5 + -3 + 0). What is the greatest common factor of j and q?
3
Let o(k) = 2*k**2 - 2*k - 6. Let j be o(3). Suppose -c = -j*c + 100. What is the highest common divisor of c and 30?
10
Let h(c) = -c**2 + 15*c - 16. Let f be h(9). Calculate the highest common factor of 57 and f.
19
Suppose 17*l - 14 = 16*l. Calculate the greatest common factor of l and 35.
7
Suppose -44 = -5*b - 4. Let f be (-3)/12 - (-242)/b. Calculate the highest common factor of 20 and f.
10
Let v = 14 + -6. Suppose -5*l + 46 = 2*g, -3*l + 4*g - 52 = -v*l. Let t be 16/6*(8 + 1). Calculate the greatest common factor of l and t.
8
Suppose 3*i + 2*v = 1346, -3*i + 4*i - v - 452 = 0. What is the highest common divisor of 50 and i?
50
Let d(x) = -x**2 - 8*x - 2. Let v be d(-6). Let n be (14 - -1)/((-6)/(-8)). What is the greatest common factor of n and v?
10
Suppose 10 - 40 = -3*d. Let p = 14 - d. Suppose -3 + 13 = -y + p*f, 5*y - 2*f = 40. Calculate the highest common divisor of 70 and y.
10
Let q(k) = 1 - k + 6*k - 2*k. Let i be q(1). Suppose 2*o = -5*f - 11, 0 = 3*o + 4*f + f + i. Calculate the highest common factor of 28 and o.
7
Let j = 8 + -5. Suppose h - 13 = j*y, -5*h + 2*y + 11 = 5*y. Suppose -400 = -4*c + h*o, 3*o - 96 = -0*c - c. Calculate the greatest common factor of c and 11.
11
Let k(z) = 10*z**2 + z - 1. Let p be k(1). Suppose -22 - p = -2*w. Suppose -w = -4*y - 4. What is the greatest common divisor of y and 1?
1
Suppose k - 6*s + 2*s + 7 = 0, s - 22 = -2*k. Let g be (-53)/(-2) + (-2)/(-4). What is the highest common divisor of g and k?
9
Let c be 6 - (-1 - (-2)/1). Let b be 494/c - 5/(-25). What is the greatest common factor of b and 11?
11
Let u = 281 + -201. Let v(x) = x**2 - 12*x - 101. Let b be v(19). What is the highest common factor of u and b?
16
Suppose -6*l = -2*l - 144. Let t = l - 23. What is the highest common divisor of t and 52?
13
Let g(f) = 0 + 50*f - 2 + 1. Let d = 1 + 0. Let j be g(d). Calculate the greatest common divisor of j and 7.
7
Suppose 124 = c - 5*u, 3*c - u - 307 = u. What is the greatest common divisor of c and 18?
9
Suppose 24 + 78 = 3*x + 5*w, -5*w - 54 = -x. Suppose -6*u = 2*f - 2*u - 6, 2*f + u = 21. Calculate the highest common divisor of x and f.
13
Suppose -3*m = 9 - 288. What is the greatest common factor of 31 and m?
31
Let a = 2 - 7. Let r(g) be the second derivative of -g**5/20 - g**4/4 + g**3/3 + 2*g**2 + g. Let y be r(a). Calculate the greatest common factor of 4 and y.
4
Suppose -h + 11 = j, -3*h + 4*j = -0*h - 40. Calculate the greatest common factor of 96 and h.
12
Let q(w) = -w**2 - 4*w - 6. Let n be q(-4). Let h = 14 + n. Calculate the highest common divisor of 20 and h.
4
Suppose -24*q = -23*q - 27. Calculate the greatest common divisor of 90 and q.
9
Suppose -6*y + 7*y = 8. Let q = 98 - 26. Calculate the greatest common divisor of q and y.
8
Let z(d) = 6*d + 6. Let x be z(6). Let c(b) = b**2 + 2*b - 7. Let m be c(5). What is the highest common factor of x and m?
14
Let h = -1959 + 4827. Suppose 0 = -4*y + 5*o - h, -3614 = 3*y + 2*y + o. Let j be 4/(-16) + y/(-8). Calculate the highest common factor of 10 and j.
10
Let l be (-2 + -5)*-3 + 1. Calculate the highest common factor of 22 and l.
22
Let n = -69 + 104. Suppose -19 - 2 = -3*w. Calculate the highest common factor of w and n.
7
Let k = -15 + 18. What is the greatest common divisor of 12 and k?
3
Let r(k) = k + 4. Let h be r(-2). Let f = 5 + h. What is the greatest common factor of 42 and f?
7
Let q be 3/12 + (-15)/(-4). Let r(z) = -z**3 + 5*z**2 - 4*z + 1. Let d be r(q). Calculate the highest common divisor of d and 7.
1
Suppose 4*d + 0*d - 40 = -c, -3*c - 5*d = -85. Let j = 4 - c. Let v be (-60)/8*j/3. What is the greatest common factor of v and 5?
5
Suppose -5*g = -4*g - 32. What is the highest common divisor of 352 and g?
32
Suppose -b = -0*b - 5*f - 6, -4*b = f - 3. Let y be -7*b/(-4)*8. What is the highest common divisor of y and 126?
14
Let j = -12 + 10. Let m be 63/2 - (-3)/j. What is the highest common factor of 12 and m?
6
Suppose -w - 71 = -2*i, 3*w + 4*i + 183 = -0*w. Let g = 137 + w. Calculate the greatest common divisor of 8 and g.
8
Let y be 4/10 + 12/20. Suppose 2*n - 9 = -y. Let p be (45 + 0)*1 - 1. What is the greatest common factor of p and n?
4
Let m be ((-1)/2)/(2/(-4)). Suppose 5*p + 25 + m = -2*h, -h - 13 = 2*p. Let u be h/(-2) - 2/4. What is the highest common divisor of 9 and u?
3
Suppose 20*h - 23*h + 231 = 0. Calculate the greatest common divisor of 7 and h.
7
Suppose 2*n = 33 + 291. Let b(k) = k**3 - 2*k**2 - 4*k + 2. Let q be b(4). Calculate the greatest common factor of n and q.
18
Let j = 22 + -13. What is the highest common divisor of 63 and j?
9
Let u be (-6)/(-8) + (-195)/(-12). What is the greatest common divisor of 17 and u?
17
Let x = 432 + -298. Calculate the highest common factor of 201 and x.
67
Let m(h) = -2*h - 11. Let y be m(-10). Let w be (-1 - -7) + (3 - 1). Let z = 17 - w. Calculate the highest common divisor of z and y.
9
Suppose -1463 = -18*r + 553. Let k = 10 + 4. What is the highest common factor of k and r?
14
Let b(j) = -34*j. Let s be b(-2). What is the highest common factor of s and 17?
17
Suppose -2*q = -3*b - 2, 2*b - 3*q = -1 - 2. Suppose b = 6*l - 0*l - 576. What is the highest common factor of l and 12?
12
Suppose -18 = -2*i + 8. Let n = -26 + 52. Let d be (-2*n)/((-6)/6). What is the greatest common factor of i and d?
13
Suppose 2*x + x - 165 = 0. Let t = -25 + x. What is the highest common factor of 75 and t?
15
Let l = 1 - 4. Let x = -2 - l. Let q be (-4)/12 + 34/3. What is the greatest common divisor of q and x?
1
Let w be -58*((-36)/8 - -3). Let m = 133 + w. What is the greatest common divisor of m and 20?
20
Let o = 376 + -255. Calculate the highest common factor of 11 and o.
11
Let t = -13 - -40.